 factor of 20339 and 110?
11
What is the greatest common factor of 919401 and 21?
21
What is the highest common divisor of 772 and 652?
4
Calculate the greatest common factor of 27432 and 5832.
216
What is the highest common factor of 28866 and 1572?
6
What is the highest common divisor of 3713 and 611?
47
Calculate the highest common factor of 330 and 761970.
330
What is the greatest common divisor of 6 and 6158?
2
What is the highest common divisor of 2277 and 528057?
207
What is the highest common factor of 2875 and 2783?
23
What is the highest common divisor of 36 and 136134?
18
Calculate the greatest common factor of 6210860 and 11216.
2804
What is the highest common divisor of 8 and 116296?
8
What is the highest common divisor of 15302 and 182?
14
What is the greatest common factor of 141978 and 54?
6
What is the highest common factor of 820 and 884985?
205
What is the highest common factor of 172 and 4515?
43
Calculate the greatest common divisor of 9171 and 4417365.
3057
What is the greatest common divisor of 135709 and 7?
7
Calculate the greatest common divisor of 54 and 9378.
18
Calculate the highest common factor of 910 and 185315.
65
Calculate the highest common factor of 4158 and 154.
154
Calculate the highest common factor of 3678 and 114.
6
Calculate the greatest common divisor of 60048 and 2376.
216
What is the highest common factor of 111872 and 512?
256
What is the greatest common factor of 59769 and 87?
87
Calculate the greatest common factor of 56 and 9114.
14
What is the greatest common factor of 225626 and 666?
74
What is the highest common factor of 21 and 27475?
7
What is the highest common divisor of 33 and 26323?
11
Calculate the highest common factor of 405 and 174555.
405
What is the highest common factor of 81 and 9423?
27
What is the greatest common factor of 12678 and 6?
6
Calculate the highest common factor of 87 and 399.
3
Calculate the highest common factor of 6667144 and 22.
22
What is the highest common factor of 8075 and 6783?
323
What is the highest common divisor of 575 and 15075?
25
What is the greatest common factor of 1339 and 2781?
103
Calculate the highest common divisor of 2142 and 1008.
126
What is the greatest common factor of 1233 and 144?
9
Calculate the greatest common factor of 134076 and 72.
12
Calculate the highest common factor of 8 and 21178.
2
Calculate the greatest common divisor of 400 and 146416.
16
Calculate the highest common factor of 389747 and 722.
19
Calculate the greatest common divisor of 297 and 63369.
27
Calculate the highest common factor of 32 and 262144.
32
What is the greatest common divisor of 1556946 and 134?
134
Calculate the greatest common divisor of 26 and 496.
2
What is the highest common factor of 6755 and 1295?
35
What is the greatest common divisor of 2804 and 8435834?
1402
What is the greatest common divisor of 432 and 16092?
108
Calculate the highest common divisor of 144 and 62672.
16
Calculate the highest common factor of 1188 and 237204.
396
Calculate the highest common divisor of 60 and 1812660.
60
Calculate the highest common factor of 1640 and 1090.
10
Calculate the highest common divisor of 654395 and 2205.
245
Calculate the highest common factor of 24920 and 15400.
280
What is the highest common factor of 181044 and 8?
4
What is the greatest common divisor of 16 and 17552?
16
What is the highest common factor of 946 and 308?
22
Calculate the highest common divisor of 3339036 and 774.
774
What is the greatest common factor of 587015 and 3861?
143
What is the highest common divisor of 206615 and 43?
43
What is the greatest common divisor of 55442 and 114?
38
Calculate the highest common divisor of 538923 and 165.
33
What is the highest common divisor of 153016 and 744?
248
What is the greatest common factor of 34 and 4582792?
34
What is the greatest common divisor of 93 and 14043?
93
Calculate the highest common factor of 38 and 314906.
38
What is the greatest common factor of 3372 and 4068?
12
Calculate the greatest common divisor of 188844 and 12.
12
What is the greatest common factor of 56 and 363016?
8
What is the highest common factor of 612391 and 52?
13
What is the greatest common divisor of 279 and 48267?
279
Calculate the greatest common factor of 666 and 413217.
9
Calculate the greatest common factor of 448 and 12517568.
448
Calculate the greatest common divisor of 178555 and 507.
13
What is the highest common divisor of 2127356 and 1232?
308
Calculate the highest common factor of 7839 and 9243.
117
Calculate the greatest common divisor of 78050 and 425.
25
What is the greatest common divisor of 148 and 383468?
148
Calculate the highest common factor of 541170 and 1890.
630
Calculate the highest common divisor of 1727 and 4532.
11
What is the greatest common divisor of 8384 and 640?
64
What is the highest common factor of 180299 and 602?
301
Calculate the highest common factor of 498762 and 63204.
1374
Calculate the highest common divisor of 9254 and 371.
7
What is the highest common factor of 316 and 2404?
4
What is the highest common divisor of 7323054 and 823?
823
Calculate the highest common divisor of 5680 and 23288.
568
What is the greatest common divisor of 72824 and 16?
8
Calculate the greatest common divisor of 1029 and 32928.
1029
What is the highest common factor of 96896 and 128?
128
What is the highest common factor of 512 and 60992?
64
Calculate the greatest common divisor of 254080 and 144.
16
What is the highest common divisor of 21900 and 90?
30
Calculate the highest common factor of 195 and 1997385.
195
What is the greatest common divisor of 1349819 and 446?
223
What is the greatest common factor of 99630 and 101106?
738
Calculate the greatest common divisor of 100 and 14480.
20
Calculate the highest common divisor of 1008 and 17829.
63
What is the highest common factor of 29294 and 906?
302
Calculate the greatest common factor of 48 and 45492.
12
Calculate the highest common divisor of 330 and 2101.
11
What is the highest common divisor of 272613 and 11?
11
What is the highest common divisor of 160114 and 1784?
446
What is the highest common divisor of 215 and 3483?
43
Calculate the highest common factor of 4197 and 1270292.
1399
Calculate the highest common factor of 7081 and 4171.
97
Calculate the highest common factor of 11 and 451.
11
Calculate the highest common factor of 1008 and 218421.
63
What is the greatest common divisor of 9807 and 91?
7
Calculate the highest common divisor of 93 and 5611.
31
Calculate the greatest common factor of 22263 and 1968.
123
What is the highest common factor of 72 and 148374?
18
What is the greatest common factor of 1176 and 30408?
168
What is the greatest common divisor of 468 and 156078?
234
Calculate the highest common factor of 174772 and 208.
52
Calculate the highest common factor of 2422773 and 964.
241
What is the greatest common factor of 33264 and 28952?
616
What is the greatest common divisor of 16 and 275736?
8
Calculate the highest common factor of 37843 and 213.
71
What is the highest common divisor of 7 and 8741299?
7
What is the highest common divisor of 17568 and 576?
288
What is the highest common divisor of 98676 and 72?
36
Calculate the highest common divisor of 11781 and 2057.
187
Calculate the greatest common factor of 139492 and 1548.
172
What is the greatest common factor of 82 and 10?
2
What is the greatest common divisor of 495 and 45495?
45
What is the highest common divisor of 15151 and 218?
109
What is the greatest common factor of 648 and 213?
3
Calculate the greatest common divisor of 235 and 62275.
235
Calculate the greatest common divisor of 2416 and 6292472.
1208
What is the highest common divisor of 4611 and 4263?
87
What is the highest common factor of 300790 and 3500?
70
What is the highest common divisor of 18 and 487314?
18
What is the highest common factor of 39648 and 23040?
96
What is the greatest common factor of 6877 and 2327?
13
Calculate the greatest common factor of 1167677 and 434.
217
What is the greatest common divisor of 45 and 5430420?
45
What is the greatest common divisor of 70426 and 23?
23
What is the highest common factor of 2922770 and 190?
190
What is the greatest common divisor of 56544 and 19?
19
Calculate the highest commo